ird derivative of -w**5/20 + w**4/24 - 2*w**3/3 - 3*w**2. Let y be o(-3). Let z = -14 - y. What is the tens digit of z?
2
Let g(k) = -k**2 - 7*k. Let f be g(-7). What is the tens digit of 3 - (-57 + (0 - f))?
6
Let g be -8*-2*14/(-4). Suppose 0 = -2*x + 89 - 283. Let j = g - x. What is the tens digit of j?
4
What is the thousands digit of 36/(24/6) + -5 - -1416?
1
Let i be (6/8)/(1/(-4)). Let x = 119 - 121. What is the tens digit of (x - -1)/(i/105)?
3
Suppose 15*s - 16*s - 2626 = -4*u, -5*u + 3283 = -s. What is the hundreds digit of u?
6
Let i be 0 + -79*(-1)/1. Suppose c - h - i = -2*h, 0 = 3*h + 9. Let l = c - 49. What is the tens digit of l?
3
Let i(x) = -7*x + 27. Let y(a) = -8*a + 27. Let k(b) = 5*i(b) - 6*y(b). What is the units digit of k(9)?
0
Let g(i) = -i**3 + 2*i + 2. Let z be g(3). Let k = -15 - z. Suppose -5*h = k*y - 7, 2*y - 3*y - h + 3 = 0. What is the units digit of y?
8
What is the units digit of (-336)/18*30/(-4)?
0
Suppose 3*b + b + 120 = 0. Let k be ((-20)/b)/((-1)/(-6)). Suppose 0*z = k*z - 56. What is the tens digit of z?
1
Let f(s) = 4*s**2 - 3*s - 4. Suppose 0 = -3*c + 2*c + 6. Suppose -5*h + 4*g = -10 - 17, 3*h + 5*g + c = 0. What is the tens digit of f(h)?
2
Suppose 9103 = 3*a + 6229. What is the hundreds digit of a?
9
Let o(s) = -3*s - 8. Let w be o(-5). Let x be (2 + w/(-3))*-9. Suppose -4*p = x*i - 24, -5*i + p + 14 = -p. What is the units digit of i?
4
Let w be 2/15*-3*-30. Suppose -z - 3*z = -w, 5*z = -3*b + 21. Suppose 0 = -q + b*i + 12, -3*i - 4 = -q + 6. What is the units digit of q?
6
Let k be -4*(210/8)/(-3). Let d be (k/4)/(3/(-12)). Let v = -17 - d. What is the tens digit of v?
1
Suppose 16*a - 13*a - 42 = 0. Let m = 71 - a. What is the tens digit of m?
5
Suppose -4*g = -0*g - 316. Let o = g + -29. What is the tens digit of o?
5
Let x(u) = -u + 13. Let v be x(8). Let g be ((-10)/15)/((-4)/18). Suppose -h + 7 = v*k, -2*k - 1 + 14 = -g*h. What is the units digit of k?
2
Suppose w + 0*w - 791 = -4*s, 2*w - 203 = -s. Let y = 332 - s. What is the tens digit of y?
3
Let l(n) = -n + 21. Let k be l(11). Let t = k + 98. What is the hundreds digit of t?
1
Let q(y) = -y + 4. Let n be q(0). Suppose 2*s = 5*s + n*m - 34, 54 = 4*s + m. What is the units digit of s?
4
Let v(k) = 184*k**3 + k**2 + 7*k - 18. What is the units digit of v(2)?
2
What is the hundreds digit of 0 - (-28)/4 - -2061?
0
Let g be ((-32)/(-28))/(-4)*-7. Suppose g*l - i - 2*i = 15, 63 = 5*l + i. What is the tens digit of l?
1
What is the units digit of -1 - (-47548)/32 - (-6)/48?
5
Let f = 391 - -334. What is the hundreds digit of f?
7
Suppose 5*y = 19 + 16. Let h be (y/2)/(1/16). Suppose 0 = 2*t - 10 - h. What is the units digit of t?
3
Suppose 2*j - 4*c - 1 = 23, -5*j + 15 = 5*c. Suppose 3*m = 2*r - j*r + 251, -2*m = -2*r - 158. What is the units digit of m?
1
Let s(f) = -3*f - 11. Let t(x) = 13*x + 46. Let p(b) = 9*s(b) + 2*t(b). Let l(c) = -3*c + 3. Let v be l(4). What is the units digit of p(v)?
2
Let h be -1*(-642)/(1 - -2). Suppose -3*v - h = -3*o + 275, -5*o + 847 = 3*v. What is the hundreds digit of o?
1
Suppose 3*m - 39 = 2*m. What is the tens digit of m?
3
Let n = -104 + -175. Let f = -121 - n. What is the hundreds digit of f?
1
Suppose 4*t = 3*j + 13, -2*t + 2*j - 10 = -4*t. Suppose 5*n + w + 120 = -204, -5*n - 321 = t*w. Let h = -23 - n. What is the tens digit of h?
4
Let t(j) = -29*j - 63. What is the units digit of t(-10)?
7
Let j be 7/3 - 6/18. Let l(m) = 0*m - j*m + 2*m + 1 + m. What is the units digit of l(8)?
9
Let d be 1/3 + (-100)/12. Let q be 7/(-98)*-6 + (-137)/(-7). Let c = q + d. What is the tens digit of c?
1
Suppose 4*o = -3*z + 910 + 279, 4*o = -5*z + 1179. What is the units digit of o?
1
Let y be (-6)/(-8)*192/36. Suppose 2*g + 3 = g, 0 = 3*f + y*g - 18. What is the tens digit of f?
1
Suppose -19*b = -b - 20844. What is the hundreds digit of b?
1
Suppose -d = 5*u + 22, 5*d + 2*u + 0 - 5 = 0. Let q be ((-12)/(0 - d))/2. Suppose q*o = 20 + 32. What is the tens digit of o?
2
Let m = -2084 + 3523. What is the units digit of m?
9
Suppose -3*j - 98 + 3450 = 2*s, -3*s + 5026 = 4*j. What is the hundreds digit of s?
6
Let m(a) be the third derivative of 0 - 1/120*a**6 - 7/24*a**4 + 0*a - a**2 - 2/15*a**5 + a**3. What is the units digit of m(-7)?
6
Let h(u) = 17*u. Suppose 3*f + 3 = -3*b - 12, -5*f = -b + 7. Let a = -1 - f. What is the units digit of h(a)?
7
Let t(o) = o**3 + 20*o**2 + 22*o - 3. What is the tens digit of t(-13)?
9
Let z(c) = 11*c + 69. What is the tens digit of z(20)?
8
Suppose 0 = 5*c + 5*t + 10, 2*c + 6*t - 16 = 9*t. Let h be (1 - (-13 + -2))/c. What is the units digit of h - (3 + 1/(-1))?
6
Suppose 2*c = 5*n + 3*c - 9, 3*n + 3*c = 15. What is the tens digit of n - 3 - (-13 + -74)?
8
Let d = 18 + -11. Suppose -g + 24 = -d. Suppose s - 4*y - g = 0, 2*s + 5*y = 22 + 27. What is the tens digit of s?
2
Suppose k = 16*k - 20490. What is the units digit of k?
6
Let n be (24/(-42))/((-4)/14). Suppose 0 = -n*f - 3*f + 495. What is the tens digit of f?
9
Let l = 175 - 7. What is the tens digit of l?
6
Suppose 0 = -2*y + 10, -5*z + 344 + 86 = 2*y. Suppose z = -3*c + 5*c. What is the tens digit of c?
4
Suppose 26 = 4*m - 22. Let f(q) = q**3 - 13*q**2 + 17*q + 9. What is the tens digit of f(m)?
6
Suppose 2*a = 5*j - 648, -115 = 2*j - 2*a - 379. Let g be (30/(-8))/(24/j). What is the units digit of (24/g)/(6/(-15))?
3
Suppose 0 = p + 3*a - 856, -5*p = 16*a - 19*a - 4262. What is the tens digit of p?
5
Suppose n = 3*k + 782, -2*k + 800 = n + k. What is the tens digit of n?
9
Let q = -1196 + 2329. What is the hundreds digit of q?
1
What is the tens digit of (-862*(-1)/6)/((-1)/(-6))?
6
Suppose -1457 - 7723 = -17*v. What is the units digit of v?
0
Let l(g) = 11*g + 9. Suppose 5*o = 23 - 8. What is the tens digit of l(o)?
4
Suppose 4*o + 5833 = -2447. Let k be ((-6)/(-9))/((-12)/o). Suppose 0 = 3*c + 2*c - k. What is the units digit of c?
3
Let k(q) be the third derivative of -q**6/60 - 7*q**5/60 + 7*q**3/6 + 2*q**2. What is the tens digit of k(-5)?
8
Let j = -16 - -16. Let u be (-7)/(-14)*(44 + j). Suppose -u + 10 = -4*a. What is the units digit of a?
3
Let r be ((-42)/(-14))/((-2)/(-260)). Suppose r = 4*i + 5*l, -4*l - 445 = -5*i + 22. What is the units digit of i?
5
Let f = 215 + -197. What is the units digit of f?
8
Let a = -88 - -89. What is the tens digit of (-2 + a)/(6/(-270))?
4
Let k = -19 - -18. Let u be (-1 + 0)/(k/32). Suppose 5*h - u = 88. What is the tens digit of h?
2
Suppose 1 = -2*b + 5. Suppose -o + 135 = 6*u - u, -5*u - b*o + 140 = 0. What is the tens digit of u?
2
Suppose v - 7 = b, -3*v + 5*b = -10 - 19. Suppose v*l - 70 = 2*l. What is the units digit of l?
0
Suppose 10 = l + 4*l. Suppose -l*g + 252 = g. What is the units digit of g?
4
Suppose -3*g - 10832 = -4*i, -6*g = -8*g. What is the thousands digit of i?
2
Let i(z) = 2*z**2 - 2*z - 4. Let d(p) be the second derivative of -p**5/20 - p**4/6 - p**3/3 - p**2/2 + 4*p. Let n be d(-2). What is the units digit of i(n)?
8
Suppose -5596 = 54*f - 20770. What is the hundreds digit of f?
2
Let k be -1 + 1 + -3 + 3. Suppose 0 = h - 6*h - 5*m + 55, k = h - m - 11. Suppose -h = o - 14. What is the units digit of o?
3
Let a(t) = -t**3 + 3*t**2 - t + 1. Suppose -10 = -6*z + z. Let i be a(z). Suppose -3*u = -u + 4, -i*h + 112 = u. What is the tens digit of h?
3
What is the units digit of (-15)/9*10*840/(-25)?
0
Suppose -421 = -4*l + 487. Suppose 8*y - l = 7*y. What is the tens digit of y?
2
Suppose -2*i = 3*y + 26, 0*i + 11 = -2*y + 5*i. Suppose 0 = 7*n - 3*n + r - 72, -n = -5*r + 3. Let j = y + n. What is the units digit of j?
9
Let y = 82 + -54. Suppose 0 = -y*u + 33*u - 530. What is the tens digit of u?
0
Let z(x) be the second derivative of 7*x**5/20 + x**4/6 + x**3/2 - 3*x**2/2 - 13*x. Let t be z(2). Let g = 5 + t. What is the units digit of g?
2
Let c(g) be the second derivative of g**4/3 - g**3/3 - 19*g**2/2 + 7*g. What is the tens digit of c(-5)?
9
Let c be 4 + -3 + (3 - 3). Suppose c = p - 1. Suppose -n + p*n - 27 = 0. What is the units digit of n?
7
Let a = 0 - 0. Suppose a = -6*h + 9*h - 21. Suppose -h*d + 5 = -2*d. What is the units digit of d?
1
Let g(c) = 44*c - 42. Let w be (3 - 0) + -10 + 15. What is the tens digit of g(w)?
1
Suppose -6*v + 4112 = -3